of 22303493.
22303493
What are the prime factors of 12807615?
3, 5, 19, 44939
What are the prime factors of 12418684?
2, 3104671
What are the prime factors of 2270540?
2, 5, 107, 1061
List the prime factors of 480331.
151, 3181
List the prime factors of 6742542.
2, 3, 23, 48859
What are the prime factors of 166426?
2, 13, 37, 173
What are the prime factors of 1439554?
2, 19, 43, 881
List the prime factors of 227968.
2, 13, 137
List the prime factors of 2246422.
2, 1123211
List the prime factors of 485143.
71, 6833
What are the prime factors of 1222099?
19, 131, 491
What are the prime factors of 17930631?
3, 17, 59, 101
What are the prime factors of 4214?
2, 7, 43
List the prime factors of 578218.
2, 289109
List the prime factors of 12338555.
5, 2467711
List the prime factors of 3433374.
2, 3, 7, 31, 293
List the prime factors of 9225253.
2857, 3229
List the prime factors of 4903101.
3, 7, 223, 349
What are the prime factors of 187534?
2, 41, 2287
List the prime factors of 13191679.
13191679
List the prime factors of 3317731.
1091, 3041
What are the prime factors of 897349?
897349
What are the prime factors of 25754963?
13, 23, 86137
List the prime factors of 486082.
2, 23, 10567
List the prime factors of 690934.
2, 79, 4373
List the prime factors of 32361832.
2, 4045229
What are the prime factors of 204644?
2, 11, 4651
What are the prime factors of 4103993?
29, 47, 3011
List the prime factors of 58898.
2, 7, 601
What are the prime factors of 30602?
2, 11, 13, 107
List the prime factors of 1439916.
2, 3, 119993
List the prime factors of 6882588.
2, 3, 41, 4663
What are the prime factors of 17337011?
3257, 5323
List the prime factors of 192402.
2, 3, 7, 509
List the prime factors of 70942.
2, 79, 449
List the prime factors of 7447188.
2, 3, 7, 88657
List the prime factors of 19059.
3, 6353
List the prime factors of 266321.
11, 31, 71
What are the prime factors of 21990811?
31, 709381
What are the prime factors of 167276?
2, 19, 31, 71
List the prime factors of 711511.
181, 3931
What are the prime factors of 128678?
2, 11, 5849
What are the prime factors of 241336?
2, 97, 311
What are the prime factors of 11358231?
3, 3786077
List the prime factors of 2888494.
2, 7, 19, 10859
What are the prime factors of 628329?
3, 13, 16111
What are the prime factors of 29076994?
2, 193, 75329
List the prime factors of 439328.
2, 13729
List the prime factors of 19326193.
19326193
List the prime factors of 2206482.
2, 3, 23, 59, 271
List the prime factors of 13473990.
2, 3, 5, 149711
What are the prime factors of 2694284?
2, 73, 9227
What are the prime factors of 5284552?
2, 7, 13, 17, 61
List the prime factors of 10194194.
2, 5097097
List the prime factors of 6124869.
3, 37, 6131
List the prime factors of 3173252.
2, 47, 16879
List the prime factors of 5839330.
2, 5, 7, 17, 701
List the prime factors of 3724169.
3724169
What are the prime factors of 26967?
3, 89, 101
What are the prime factors of 10099425?
3, 5, 7, 19237
List the prime factors of 205818.
2, 3, 34303
What are the prime factors of 691556?
2, 83, 2083
What are the prime factors of 542221?
31, 17491
List the prime factors of 11801783.
7, 23, 73303
List the prime factors of 9110474.
2, 4555237
What are the prime factors of 286513?
286513
What are the prime factors of 421399?
11, 29, 1321
What are the prime factors of 3391523?
53, 89, 719
List the prime factors of 1942504.
2, 242813
What are the prime factors of 967832?
2, 311, 389
What are the prime factors of 111901?
317, 353
List the prime factors of 79227.
3, 8803
List the prime factors of 761749.
59, 12911
What are the prime factors of 4268408?
2, 53, 10067
What are the prime factors of 4439767?
41, 108287
What are the prime factors of 162702?
2, 3, 23, 131
What are the prime factors of 494064?
2, 3, 47, 73
What are the prime factors of 3433830?
2, 3, 5, 17, 6733
What are the prime factors of 25960228?
2, 7, 647, 1433
List the prime factors of 305816.
2, 7, 43, 127
What are the prime factors of 319868?
2, 79967
List the prime factors of 5906415.
3, 5, 393761
List the prime factors of 144562.
2, 11, 6571
List the prime factors of 83572.
2, 17, 1229
What are the prime factors of 6793414?
2, 3396707
List the prime factors of 45524.
2, 19, 599
What are the prime factors of 1590010?
2, 5, 17, 47, 199
What are the prime factors of 834889?
11, 71, 1069
What are the prime factors of 28771388?
2, 7192847
List the prime factors of 7276940.
2, 5, 11, 31, 97
List the prime factors of 166864.
2, 10429
What are the prime factors of 232411?
232411
List the prime factors of 2379182.
2, 13, 7039
What are the prime factors of 309059?
309059
What are the prime factors of 8702276?
2, 11, 197779
List the prime factors of 536274.
2, 3, 9931
List the prime factors of 7172257.
1117, 6421
List the prime factors of 452993.
317, 1429
List the prime factors of 326303.
37, 8819
What are the prime factors of 553572?
2, 3, 15377
What are the prime factors of 3017942?
2, 17, 37, 2399
List the prime factors of 1591684.
2, 397921
What are the prime factors of 18547203?
3, 6182401
What are the prime factors of 28319?
28319
What are the prime factors of 3223870?
2, 5, 13, 24799
List the prime factors of 185973.
3, 61991
List the prime factors of 23612792.
2, 7, 421657
List the prime factors of 17727320.
2, 5, 13, 73, 467
What are the prime factors of 97372?
2, 11, 2213
What are the prime factors of 441186?
2, 3, 23, 139
List the prime factors of 54093.
3, 13, 19, 73
What are the prime factors of 387596?
2, 11, 23, 383
What are the prime factors of 4397159?
13, 409, 827
List the prime factors of 8957524.
2, 773, 2897
What are the prime factors of 7459846?
2, 1777, 2099
List the prime factors of 985703.
985703
List the prime factors of 37654703.
23, 1637161
List the prime factors of 2384322.
2, 3, 29, 71, 193
What are the prime factors of 423932?
2, 105983
What are the prime factors of 7868370?
2, 3, 5, 353, 743
List the prime factors of 3055113.
3, 23, 14759
List the prime factors of 1034856.
2, 3, 1597
What are the prime factors of 4820089?
109, 44221
List the prime factors of 744437.
41, 67, 271
List the prime factors of 2518703.
11, 17, 13469
What are the prime factors of 838356?
2, 3, 19, 3677
List the prime factors of 271433.
71, 3823
What are the prime factors of 158888?
2, 19861
What are the prime factors of 24902706?
2, 3, 29, 167, 857
List the prime factors of 276305.
5, 73, 757
What are the prime factors of 2773895?
5, 554779
List the prime factors of 322168.
2, 7, 11, 523
What are the prime factors of 6425593?
6425593
List the prime factors of 32775450.
2, 3, 5, 47, 4649
List the prime factors of 46391.
23, 2017
What are the prime factors of 7879634?
2, 7, 562831
List the prime factors of 23208.
2, 3, 967
List the prime factors of 94219.
94219
List the prime factors of 118642.
2, 137, 433
What are the prime factors of 414516?
2, 3, 34543
What are the prime factors of 253060?
2, 5, 12653
What are the prime factors of 651860?
2, 5, 11, 2963
What are the prime factors of 5640952?
2, 705119
List the prime factors of 12434264.
2, 1554283
List the prime factors of 70769.
70769
What are the prime factors of 16819886?
2, 271, 31033
What are the prime factors of 1918189?
7, 13, 107, 197
List the prime factors of 193013.
193013
What are the prime factors of 6878974?
2, 29, 118603
What are the prime factors of 2888233?
2888233
List the prime factors of 43995809.
11, 13, 359, 857
List the prime factors of 1503874.
2, 389, 1933
What are the prime factors of 183905?
5, 36781
What are the prime factors of 11940651?
3, 1326739
List the prime factors of 45665.
5, 9133
What are the prime factors of 4782373?
1013, 4721
What are the prime factors of 306134?
2, 153067
List the prime factors of 11794053.
3, 311, 12641
What are the prime factors of 201809?
201809
List the prime factors of 459359.
127, 3617
List the prime factors of 15414602.
2, 7, 29, 37967
What are the prime factors of 375747?
3, 251, 499
What are the prime factors of 4817405?
5, 963481
List the prime factors of 6666041.
647, 10303
What are the prime factors of 163476?
2, 3, 19, 239
What are the prime factors of 4849339?
11, 440849
List the prime factors of 1672724.
2, 418181
List the prime factors of 5697718.
2, 13, 219